86
Let j(k) = 157*k - 1. Give j(-5).
-786
Let j(z) = -z**3 + 11*z**2 - 4*z - 1. What is j(10)?
59
Let m(k) = -5*k + 133. What is m(29)?
-12
Let k(u) = -10*u + 306. Determine k(24).
66
Let b(q) = -11*q**2 + 20*q + 23. What is b(0)?
23
Let y(z) = -z**2 - 15*z - 18. Determine y(-14).
-4
Let s(i) = -54*i + 1402. Give s(26).
-2
Let u(n) = -6*n**2 - 14*n + 10. Calculate u(-5).
-70
Let f(t) = t**2 - 10*t - 378. Determine f(24).
-42
Let u(a) = a**3 - 24*a**2 - 25*a + 62. Calculate u(25).
62
Let l(g) = -3*g**2 - 41*g + 148. Calculate l(-18).
-86
Let z(d) = -d**2 + 181*d - 354. What is z(2)?
4
Let u(a) = -100*a - 291. What is u(-4)?
109
Let f(t) = 30*t - 25. Give f(-3).
-115
Let y(k) = -k**3 + 17*k**2 - 8*k - 339. Determine y(15).
-9
Let f(v) = 8*v**2 + 2*v + 3. Calculate f(3).
81
Let r(g) = 7509*g - 45052. Calculate r(6).
2
Let t(m) = 4*m**2 + 241*m + 656. Determine t(-56).
-296
Let d(k) = -3*k**2 - 13*k + 5. Calculate d(-5).
-5
Let j(n) = n**3 + 19*n**2 + 79*n + 13. Calculate j(-7).
48
Let s(c) = 3*c**3 - 38*c**2 - 120*c + 1392. Determine s(13).
1
Let f(l) = -l**2 - 84*l - 1731. Give f(-35).
-16
Let g(s) = 2*s**2 + 41*s - 1009. Determine g(-35).
6
Let b(y) = -3*y**2 - 13*y + 486. Determine b(-15).
6
Let t(d) = -61*d + 255. Determine t(0).
255
Let k(u) = -2*u + 142. Determine k(18).
106
Let g(s) = -4*s**2 - 1364*s + 8333. Determine g(6).
5
Let t(n) = 39*n + 2536. Determine t(-65).
1
Let k(c) = -17*c - 57. Determine k(9).
-210
Let d(u) = -89*u**2 + 176*u + 515. Calculate d(-3).
-814
Let v(q) = 2*q**2 + 7*q + 42. Determine v(-9).
141
Let s(d) = -123*d**2 - 6269*d + 206. Calculate s(-51).
2
Let p(v) = -v**2 + 1078*v - 14860. Calculate p(14).
36
Let o(f) = 39*f - 40. Determine o(3).
77
Let o(t) = 466*t + 599. Calculate o(-2).
-333
Let r(z) = -97*z + 47. Give r(2).
-147
Let y(m) = -14*m + 1021. What is y(67)?
83
Let z(l) = -10*l**2 - 353*l - 8. Calculate z(-36).
-260
Let k(z) = -z**2 - 52*z - 320. Give k(-6).
-44
Let x(y) = -22*y**2 - 66*y + 8. Give x(-3).
8
Let t(y) = -y**2 + 33*y + 426. What is t(43)?
-4
Let z(k) = 249*k - 10222. Give z(41).
-13
Let k(i) = 10*i**2 - 314*i + 28. What is k(31)?
-96
Let d(l) = -2*l**3 - 77*l**2 + 122*l + 61. Give d(-40).
-19
Let p(a) = -2261*a + 20358. What is p(9)?
9
Let j(l) = 415*l + 3320. What is j(-8)?
0
Let y(k) = 2*k**2 - 19*k - 59299. Calculate y(177).
-4
Let k(u) = 3*u + 47. Give k(-46).
-91
Let j(g) = g**3 - 15*g**2 - 55*g + 352. What is j(17)?
-5
Let n(c) = -c**3 + 16*c**2 + 88*c + 379. Determine n(21).
22
Let s(b) = 14*b - 310. Determine s(19).
-44
Let a(r) = -r**3 - 43*r**2 + 298*r + 159. Determine a(-49).
-37
Let m(f) = -26*f - 1248. What is m(-49)?
26
Let b(h) = 8*h - 341. Calculate b(27).
-125
Let q(t) = -4510*t + 40519. Calculate q(9).
-71
Let m(g) = -36*g + 4267. Give m(119).
-17
Let g(k) = 2*k**2 - 153*k + 211. Determine g(76).
135
Let p(l) = 1660*l + 29887. Calculate p(-18).
7
Let j(o) = -o**3 + 39*o**2 - 49*o + 5. Determine j(38).
-413
Let u(y) = 15*y + 224. Give u(-14).
14
Let g(q) = 143*q - 2354. Determine g(16).
-66
Let k(r) = r**3 + 7*r**2 - 139*r - 1100. Determine k(-9).
-11
Let j(b) = 40*b**3 + 24*b**2 - 8*b - 3. What is j(-2)?
-211
Let z(f) = -132*f + 7334. Give z(56).
-58
Let r(a) = 5*a**2 + 507*a + 1478. What is r(-3)?
2
Let x(v) = 4474*v + 89485. What is x(-20)?
5
Let t(o) = o**3 - 7*o**2 - 31*o + 24. Calculate t(10).
14
Let r(w) = w**3 - 52*w**2 - 47*w - 635. What is r(53)?
-317
Let u(m) = -m**3 + m**2 + 109*m - 12. Calculate u(-10).
-2
Let q(v) = 5*v**2 - 48*v - 217. Give q(-4).
55
Let r(p) = -13*p**2 - 339*p - 132. Calculate r(-26).
-106
Let i(w) = 854*w - 30741. Give i(36).
3
Let r(n) = 50*n - 112. Calculate r(-5).
-362
Let j(t) = -26*t - 1478. Calculate j(-57).
4
Let l(b) = -b**3 + 23*b**2 + b + 3. Determine l(23).
26
Let g(a) = 5*a**3 + 63*a**2 - 16*a + 63. What is g(-13)?
-67
Let v(g) = -3*g**2 - 35*g - 94. What is v(-3)?
-16
Let i(t) = t**3 - 27*t**2 - 466*t - 66. Calculate i(39).
12
Let r(l) = 369*l + 1917. Determine r(-6).
-297
Let r(t) = -64*t**3 + t**2 - 86*t + 162. Determine r(2).
-518
Let k(q) = -q**3 + 9*q**2 + 56*q - 531. What is k(9)?
-27
Let o(p) = -p**3 + 23*p - 49. What is o(0)?
-49
Let j(d) = -2*d**3 + 118*d**2 + 505*d - 82. Determine j(63).
-19
Let l(h) = -24*h + 38. Determine l(-8).
230
Let x(n) = -32*n**3 - 866*n**2 - 56*n - 59. Calculate x(-27).
-5
Let o(d) = -d**2 - 16*d + 80. Give o(3).
23
Let o(t) = 4*t**2 - 167*t + 1707. Calculate o(23).
-18
Let h(k) = 453*k - 7719. Give h(17).
-18
Let s(k) = 69*k - 1001. What is s(14)?
-35
Let z(m) = 74*m**2 - 888*m - 5. Give z(12).
-5
Let s(k) = -k**3 + 3*k**2 + 8*k + 26. Calculate s(5).
16
Let q(d) = 653*d - 11742. What is q(18)?
12
Let s(u) = 6*u**3 + 36*u**2 + 7*u + 64. Calculate s(-6).
22
Let i(j) = -j**2 - 155*j - 2307. Give i(-17).
39
Let p(x) = -30*x + 21. Calculate p(3).
-69
Let o(q) = -q**3 - 10*q**2 + 9*q - 13. Determine o(-10).
-103
Let n(q) = -1572*q + 9539. Determine n(6).
107
Let m(t) = -t**3 + 20*t**2 + 5*t - 73. Calculate m(20).
27
Let j(g) = -73*g + 665. Determine j(9).
8
Let g(x) = 59*x**3 + 118*x**2 + 18*x + 43. Determine g(-2).
7
Let n(l) = 3*l**2 - 97*l - 601. Give n(-6).
89
Let g(b) = b**3 + 11*b**2 - 7*b + 35. Determine g(-13).
-212
Let a(c) = c**2 + 512*c - 2059. Calculate a(4).
5
Let a(r) = -r**3 + 4*r**2 + 293*r - 1432. Determine a(5).
8
Let q(c) = 406*c + 11764. Determine q(-29).
-10
Let f(a) = -19*a + 317. Determine f(16).
13
Let u(f) = -f**3 - 5*f**2 + 89*f + 9. Determine u(6).
147
Let t(h) = h**2 + 1302*h - 6540. Calculate t(5).
-5
Let g(r) = 2*r**2 + 178*r - 2416. What is g(12)?
8
Let v(r) = -r**3 + 9*r**2 + 9*r. Give v(10).
-10
Let r(a) = a**3 + 21*a**2 + 28*a + 92. What is r(-20)?
-68
Let r(h) = -12*h**3 - h**2 - 120*h - 118. Give r(-1).
13
Let u(v) = v**3 - 4*v**2 - 2*v + 6. Determine u(2).
-6
Let m(u) = u**2 - 51*u + 351. Determine m(43).
7
Let v(o) = -73*o - 10592. Give v(-147).
139
Let f(w) = w**3 + 14*w**2 + 43*w - 11. Determine f(-9).
7
Let r(w) = -w**2 - 14*w + 29. Calculate r(9).
-178
Let m(y) = y**3 - 148*y**2 - 2623*y - 160. Determine m(164).
4
Let l(s) = -17*s**3 + 3*s**2 + 35*s - 37. What is l(1)?
-16
Let t(b) = -2*b**3 - 13*b**2 - 24*b - 80. Calculate t(-6).
28
Let l(a) = 36*a - 635. Calculate l(23).
193
Let y(o) = 89*o - 1937. What is y(22)?
21
Let y(p) = 106*p - 33285. What is y(314)?
-1
Let p(v) = 2*v**2 + 3*v - 196. Calculate p(0).
-196
Let s(j) = j**2 + 1187*j + 17579. Calculate s(-15).
-1
Let z(k) = 659*k + 3889. What is z(-6)?
-65
Let o(x) = x**3 - 4*x**2 - 15*x + 82. Give o(5).
32
Let x(r) = -r**2 - 177*r - 6297. Calculate x(-51).
129
Let o(b) = -14*b**2 + 278*b + 46. Give o(20).
6
Let u(v) = -45*v**3 + 235*v + 235. Determine u(-1).
45
Let d(v) = -v**3 - 5*v**2 + 20*v + 4. Calculate d(-10).
304
Let o(u) = -247*u + 1697. Give o(6).
215
Let n(x) = -x**2 + 1184*x - 11720. Calculate n(10).
20
Let t(w) = 29*w + 3768. Determine t(-130).
-2
Let z(l) = 3*l**3 + 18*l**2 - 5*l - 24. Give z(-7).
-136
Let h(k) = k**2 + 112*k - 15642. Give h(-193).
-9
Let v(k) = 68*k + 92. Calculate v(-1).
24
Let w(b) = b**2 - 311*b + 20881. Calculate w(213).
7
Let d(h) = 220*h + 21. Calculate d(-1).
-199
Let q(l) = 2*l**2 + 23*l + 49. Determine q(-9).
4
Let b(u) = 8*u**2 + 6*u + 8. Determine b(-1).
10
Let h(a) = 69*a - 3765. What is h(54)?
-39
Let c(w) = 3442*w + 10331. Give c(-3).
5
Let v(w) = -2*w**2 - 15*w + 73. Determine v(-13).
-70
Let a(l) = -23*l**2 + 29*l + 1. Calculate a(4).
-251
Let b(s) = -s**3 - 36*s**2 + 84*s - 191. What is b(-38)?
-495
Let n(y) = 1341*y - 2646. What is n(2)?
36
Let a(z) = z**2 - 11*z - 1254. Give a(41).
-24
Let m(f) = -f**2 - 28*f + 147. What is m(5)?
-18
Let k(m) = 2*m**2 + 788*m - 4801. Give k(6).
-1
Let j(q) = -q**3 - 6*q**2 - 9*q - 66. Determine j(-6).
-12
Let f(b) = 23*b**2 - 503*b - 52. Determine f(22).
14
Let w(n) = 201*n + 814. What is w(-4)?
10
Let v(s) = -58*s - 203. What is v(-6)?
145
Let o(a) = -2*a**2 + 216*a - 4157. Give o(25).
-7
Let o(c) = -711*c - 4972. Calculate o(-7).
5
Let t(a) = -a**3 + 61*a**2 - 57*a - 204. What is t(60)?
-24
Let k(g) = 24*g + 1576. What is k(-89)?
-560
Let p(h) = -2*h**2 + 83*h + 739. Calculate p(-9).
-170
Let f(o) = 15*o**2 + 7. Calculate f(2).
67
Let j(g) = -g**3 - 143*g**2 + 439*g + 103. Calculate j(-146).
-43
Let l(a) = -a**3 -